{"id":2060,"date":"2021-06-06T21:32:20","date_gmt":"2021-06-06T19:32:20","guid":{"rendered":"https:\/\/onetim.fr\/?page_id=2060"},"modified":"2022-04-02T17:09:41","modified_gmt":"2022-04-02T15:09:41","slug":"pack-maintenance","status":"publish","type":"page","link":"https:\/\/onetim.fr\/index.php\/pack-maintenance\/","title":{"rendered":"Pack Maintenance"},"content":{"rendered":"<p>[vc_row tm_bgimagefixed=&#8221;&#8221; full_width=&#8221;stretch_row&#8221; tm_responsive_css=&#8221;20032689|colbreak_no|||||||||colbreak_no|||||40px||20px||colbreak_no||||||||||colbreak_no|||||||||&#8221; css=&#8221;.vc_custom_1571033326707{padding-bottom: 82px !important;}&#8221;][vc_column][\/vc_column][\/vc_row][vc_row tm_bgimagefixed=&#8221;&#8221; break_in_responsive=&#8221;991&#8243; full_width=&#8221;stretch_row&#8221; css=&#8221;.vc_custom_1574930574281{padding-bottom: 71px !important;}&#8221; tm_responsive_css=&#8221;11067458|colbreak_no|||||||||colbreak_no|||||50px||40px||colbreak_no||||||||||colbreak_no|||||||||&#8221;][vc_column width=&#8221;1\/2&#8243; css=&#8221;.vc_custom_1574930176063{padding-top: 72px !important;}&#8221; tm_responsive_css=&#8221;63397116|colbreak_no|||||||||colbreak_no|||||0px|15px|||colbreak_no||||||||||colbreak_no|||||||||&#8221;]<div class=\"tm-element-heading-wrapper tm-heading-inner tm-element-align-left tm-seperator-solid tm-heading-style-vertical \"><section class=\"tm-vc_cta3-container\"><div class=\"tm-vc_general tm-vc_cta3 tm-cta3-only tm-vc_cta3-style-classic tm-vc_cta3-shape-rounded tm-vc_cta3-align-left tm-vc_cta3-color-transparent tm-vc_cta3-icon-size-md tm-vc_cta3-actions-no tm-cta3-with-desc\"><div class=\"tm-vc_cta3_content-container\"><div class=\"tm-vc_cta3-content\"><header class=\"tm-vc_cta3-content-header tm-wrap\"><div class=\"tm-vc_cta3-headers tm-wrap-cell\"><h4 class=\"tm-custom-heading \" >Gestion de votre parc informatique<\/h4>\n<h2 class=\"tm-custom-heading \" >Pack maintenance informatique pour les <cite>TPE &amp; PME<\/cite><\/h2>\n<\/div><\/header><div class=\"tm-cta3-content-wrapper\"><p>Onetim propose une solution cl\u00e9 en main, pour les petites et moyennes entreprises, qui permet de confier <span class=\"text_domaine\">une partie ou toute la gestion de votre informatique<\/span> \u00e0 un <span class=\"text_domaine\">prestataire externe sp\u00e9cialis\u00e9<\/span>. Le pack maintenance informatique est une offre tout compris, vous permettant de ma\u00eetriser votre budget.<\/p><\/div><\/div><\/div><\/div><\/section><\/div> <!-- .tm-element-heading-wrapper container --> [vc_row_inner el_class=&#8221;tm-column-inline&#8221; css=&#8221;.vc_custom_1574920643326{margin-top: -30px !important;}&#8221;][vc_column_inner width=&#8221;1\/2&#8243; css=&#8221;.vc_custom_1574921851413{padding-right: 0px !important;}&#8221;]<ul class=\"tm-list tm-list-style-icon tm-list-icon-color-skincolor tm- tm-icon-skincolor tm-list-textsize- tm-list-icon-library-fontawesome\"><li><i class=\"tm-skincolor fa fa-check-square-o\"><\/i>  <span class=\"tm-list-li-content\">Audit initial<\/span><\/li><li><i class=\"tm-skincolor fa fa-check-square-o\"><\/i>  <span class=\"tm-list-li-content\">Forfait tout compris<\/span><\/li><li><i class=\"tm-skincolor fa fa-check-square-o\"><\/i>  <span class=\"tm-list-li-content\">Support by Onetim (8h-19h)<\/span><\/li><li><i class=\"tm-skincolor fa fa-check-square-o\"><\/i>  <span class=\"tm-list-li-content\">Conseil & Accompagnement<\/span><\/li><\/ul>[\/vc_column_inner][vc_column_inner width=&#8221;1\/2&#8243;]<ul class=\"tm-list tm-list-style-icon tm-list-icon-color-skincolor tm- tm-icon-skincolor tm-list-textsize- tm-list-icon-library-fontawesome\"><li><i class=\"tm-skincolor fa fa-check-square-o\"><\/i>  <span class=\"tm-list-li-content\">Intervention imm\u00e9diate<\/span><\/li><li><i class=\"tm-skincolor fa fa-check-square-o\"><\/i>  <span class=\"tm-list-li-content\">Prise en main \u00e0 distance<\/span><\/li><li><i class=\"tm-skincolor fa fa-check-square-o\"><\/i>  <span class=\"tm-list-li-content\">Accompagnement personnalis\u00e9 <\/span><\/li><li><i class=\"tm-skincolor fa fa-check-square-o\"><\/i>  <span class=\"tm-list-li-content\">Budget maitris\u00e9<\/span><\/li><\/ul>[\/vc_column_inner][\/vc_row_inner][vc_row_inner][vc_column_inner][vc_column_text]<\/p>\n<h4 class=\"heading heading--two heading--dotted advantages__title\">Pourquoi choisir Onetim pour l\u2019informatique de mon entreprise ?<\/h4>\n<p>Avec le pack maintenance informatique, vous profitez des avantages suivants :<\/p>\n<ul class=\"list2\">\n<li>Une gestion professionnelle de votre parc informatique et logiciel<\/li>\n<li>Votre parc informatique performant et s\u00e9curis\u00e9<\/li>\n<li>Votre budget ma\u00eetris\u00e9 gr\u00e2ce \u00e0 nos solutions tout compris<\/li>\n<li>Une r\u00e9solution plus sereine et plus efficace de tous vos \u00e9ventuels probl\u00e8mes informatiques<\/li>\n<li>Une assistance illimit\u00e9e, rapide et efficace pour vos collaborateurs<\/li>\n<\/ul>\n<h4>Pr\u00eat \u00e0 vous faire accompagner ?<\/h4>\n<p>[\/vc_column_text][\/vc_column_inner][\/vc_row_inner]<div role=\"form\" class=\"wpcf7\" id=\"wpcf7-f2076-o1\" lang=\"en-US\" dir=\"ltr\">\n<div class=\"screen-reader-response\"><p role=\"status\" aria-live=\"polite\" aria-atomic=\"true\"><\/p> <ul><\/ul><\/div>\n<form action=\"\/index.php\/wp-json\/wp\/v2\/pages\/2060#wpcf7-f2076-o1\" method=\"post\" class=\"wpcf7-form init\" novalidate=\"novalidate\" data-status=\"init\">\n<div style=\"display: none;\">\n<input type=\"hidden\" name=\"_wpcf7\" value=\"2076\" \/>\n<input type=\"hidden\" name=\"_wpcf7_version\" value=\"5.6\" \/>\n<input type=\"hidden\" name=\"_wpcf7_locale\" value=\"en_US\" \/>\n<input type=\"hidden\" name=\"_wpcf7_unit_tag\" value=\"wpcf7-f2076-o1\" \/>\n<input type=\"hidden\" name=\"_wpcf7_container_post\" value=\"0\" \/>\n<input type=\"hidden\" name=\"_wpcf7_posted_data_hash\" value=\"\" \/>\n<input type=\"hidden\" name=\"_wpcf7_recaptcha_response\" value=\"\" \/>\n<\/div>\n<div class=\"tm-commonform tm-team-contact\">\n<div class=\"row\">\n<div class=\"col-md-6\"><u>Nombre d'utilisateurs* :<\/u><\/div>\n<div class=\"col-md-6\"><span class=\"wpcf7-form-control-wrap\" data-name=\"number-user\"><input type=\"number\" name=\"number-user\" value=\"\" class=\"wpcf7-form-control wpcf7-number wpcf7-validates-as-required wpcf7-validates-as-number\" aria-required=\"true\" aria-invalid=\"false\" \/><\/span><\/div>\n<\/div>\n<div class=\"row\">\n<div class=\"col-md-6\"><u>Nombre de serveurs (si applicable) :<\/u><\/div>\n<div class=\"col-md-6\"><span class=\"wpcf7-form-control-wrap\" data-name=\"number-server\"><input type=\"number\" name=\"number-server\" value=\"\" class=\"wpcf7-form-control wpcf7-number wpcf7-validates-as-number\" aria-invalid=\"false\" \/><\/span><\/div>\n<\/div>\n<div class=\"row\">\n<div class=\"col-md-6\"><u>Syst\u00e8me d'exploitation majoritaire* :<\/u><\/div>\n<div class=\"col-md-6\"><span class=\"wpcf7-form-control-wrap\" data-name=\"menu-os\"><select name=\"menu-os\" class=\"wpcf7-form-control wpcf7-select\" aria-invalid=\"false\"><option value=\"Windows\">Windows<\/option><option value=\"Mac OS\">Mac OS<\/option><option value=\"Linux\">Linux<\/option><\/select><\/span><\/div>\n<\/div>\n<div class=\"row\">\n<div class=\"col-md-12\"><span class=\"wpcf7-form-control-wrap\" data-name=\"your-entreprisename\"><input type=\"text\" name=\"your-entreprisename\" value=\"\" size=\"40\" class=\"wpcf7-form-control wpcf7-text wpcf7-validates-as-required\" aria-required=\"true\" aria-invalid=\"false\" placeholder=\"Nom de l&#039;entreprise*\" \/><\/span><\/div>\n<\/div>\n<div class=\"row\">\n<div class=\"col-md-6\"><span class=\"wpcf7-form-control-wrap\" data-name=\"your-firstname\"><input type=\"text\" name=\"your-firstname\" value=\"\" size=\"40\" class=\"wpcf7-form-control wpcf7-text wpcf7-validates-as-required\" aria-required=\"true\" aria-invalid=\"false\" placeholder=\"Pr\u00e9nom du contact*\" \/><\/span><\/div>\n<div class=\"col-md-6\"><span class=\"wpcf7-form-control-wrap\" data-name=\"your-lastname\"><input type=\"text\" name=\"your-lastname\" value=\"\" size=\"40\" class=\"wpcf7-form-control wpcf7-text wpcf7-validates-as-required\" aria-required=\"true\" aria-invalid=\"false\" placeholder=\"Nom du contact*\" \/><\/span><\/div>\n<\/div>\n<div class=\"row\">\n<div class=\"col-md-6\"><span class=\"wpcf7-form-control-wrap\" data-name=\"your-email\"><input type=\"email\" name=\"your-email\" value=\"\" size=\"40\" class=\"wpcf7-form-control wpcf7-text wpcf7-email wpcf7-validates-as-required wpcf7-validates-as-email\" aria-required=\"true\" aria-invalid=\"false\" placeholder=\"Email du contact*\" \/><\/span><\/div>\n<div class=\"col-md-6\"><span class=\"wpcf7-form-control-wrap\" data-name=\"your-phone\"><input type=\"text\" name=\"your-phone\" value=\"\" size=\"40\" class=\"wpcf7-form-control wpcf7-text wpcf7-validates-as-required\" aria-required=\"true\" aria-invalid=\"false\" placeholder=\"T\u00e9l\u00e9phone du contact*\" \/><\/span><\/div>\n<\/div>\n<div class=\"row\">\n<div class=\"col-md-6\"><u>Date de RDV souhait\u00e9 :<\/u><\/div>\n<div class=\"col-md-6\"><span class=\"wpcf7-form-control-wrap\" data-name=\"date-rdv\"><input type=\"date\" name=\"date-rdv\" value=\"\" class=\"wpcf7-form-control wpcf7-date wpcf7-validates-as-date\" aria-invalid=\"false\" \/><\/span><\/div>\n<\/div>\n<div class=\"row\">\n<div class=\"col-md-12\"><span class=\"wpcf7-form-control-wrap\" data-name=\"your-message\"><textarea name=\"your-message\" cols=\"40\" rows=\"2\" class=\"wpcf7-form-control wpcf7-textarea\" aria-invalid=\"false\" placeholder=\"Commentaires\"><\/textarea><\/span><\/div>\n<\/div>\n<div class=\"tm-team-frm-btn\">\n     <input type=\"submit\" value=\"Prendre un rendez-vous\" class=\"wpcf7-form-control has-spinner wpcf7-submit tm-vc_general tm-vc_btn3 tm-vc_btn3-style-flat tm-vc_btn3- tm-vc_btn3-color-skincolor\" \/><\/p>\n<div class=\"wpcf7-response-output\" aria-hidden=\"true\"><\/div>\n<\/div>\n<\/div>\n<p style=\"display: none !important;\"><label>&#916;<textarea name=\"_wpcf7_ak_hp_textarea\" cols=\"45\" rows=\"8\" maxlength=\"100\"><\/textarea><\/label><input type=\"hidden\" id=\"ak_js_1\" name=\"_wpcf7_ak_js\" value=\"128\"\/><script>document.getElementById( \"ak_js_1\" ).setAttribute( \"value\", ( new Date() ).getTime() );<\/script><\/p><input type='hidden' class='wpcf7-pum' value='{\"closepopup\":false,\"closedelay\":0,\"openpopup\":false,\"openpopup_id\":0}' \/><\/form><\/div>[\/vc_column][vc_column width=&#8221;1\/2&#8243; el_class=&#8221;tm-reset-content-leftall-991&#8243;][vc_single_image image=&#8221;1862&#8243; img_size=&#8221;full&#8221; alignment=&#8221;right&#8221; css=&#8221;.vc_custom_1623007933456{margin-bottom: 0px !important;}&#8221;][\/vc_column][\/vc_row]<\/p>\n","protected":false},"excerpt":{"rendered":"<p>[vc_row tm_bgimagefixed=&#8221;&#8221; full_width=&#8221;stretch_row&#8221; tm_responsive_css=&#8221;20032689|colbreak_no|||||||||colbreak_no|||||40px||20px||colbreak_no||||||||||colbreak_no|||||||||&#8221; css=&#8221;.vc_custom_1571033326707{padding-bottom: 82px !important;}&#8221;][vc_column][\/vc_column][\/vc_row][vc_row tm_bgimagefixed=&#8221;&#8221; break_in_responsive=&#8221;991&#8243; full_width=&#8221;stretch_row&#8221; css=&#8221;.vc_custom_1574930574281{padding-bottom: 71px !important;}&#8221; tm_responsive_css=&#8221;11067458|colbreak_no|||||||||colbreak_no|||||50px||40px||colbreak_no||||||||||colbreak_no|||||||||&#8221;][vc_column width=&#8221;1\/2&#8243; css=&#8221;.vc_custom_1574930176063{padding-top: 72px !important;}&#8221; tm_responsive_css=&#8221;63397116|colbreak_no|||||||||colbreak_no|||||0px|15px|||colbreak_no||||||||||colbreak_no|||||||||&#8221;][vc_row_inner el_class=&#8221;tm-column-inline&#8221; css=&#8221;.vc_custom_1574920643326{margin-top: -30px !important;}&#8221;][vc_column_inner width=&#8221;1\/2&#8243; css=&#8221;.vc_custom_1574921851413{padding-right: 0px !important;}&#8221;][\/vc_column_inner][vc_column_inner width=&#8221;1\/2&#8243;][\/vc_column_inner][\/vc_row_inner][vc_row_inner][vc_column_inner][vc_column_text] Pourquoi choisir Onetim pour l\u2019informatique de mon entreprise ? Avec le pack maintenance informatique, vous profitez des avantages suivants : Une gestion professionnelle de votre parc informatique &hellip; <a href=\"https:\/\/onetim.fr\/index.php\/pack-maintenance\/\" class=\"more-link\">Continue reading <span class=\"screen-reader-text\">Pack Maintenance<\/span><\/a><\/p>\n","protected":false},"author":1,"featured_media":0,"parent":0,"menu_order":0,"comment_status":"closed","ping_status":"closed","template":"","meta":[],"_links":{"self":[{"href":"https:\/\/onetim.fr\/index.php\/wp-json\/wp\/v2\/pages\/2060"}],"collection":[{"href":"https:\/\/onetim.fr\/index.php\/wp-json\/wp\/v2\/pages"}],"about":[{"href":"https:\/\/onetim.fr\/index.php\/wp-json\/wp\/v2\/types\/page"}],"author":[{"embeddable":true,"href":"https:\/\/onetim.fr\/index.php\/wp-json\/wp\/v2\/users\/1"}],"replies":[{"embeddable":true,"href":"https:\/\/onetim.fr\/index.php\/wp-json\/wp\/v2\/comments?post=2060"}],"version-history":[{"count":10,"href":"https:\/\/onetim.fr\/index.php\/wp-json\/wp\/v2\/pages\/2060\/revisions"}],"predecessor-version":[{"id":2760,"href":"https:\/\/onetim.fr\/index.php\/wp-json\/wp\/v2\/pages\/2060\/revisions\/2760"}],"wp:attachment":[{"href":"https:\/\/onetim.fr\/index.php\/wp-json\/wp\/v2\/media?parent=2060"}],"curies":[{"name":"wp","href":"https:\/\/api.w.org\/{rel}","templated":true}]}}